ose 2*f - n - 209 = 0, 1 = n + 6. Suppose -3*r + 21 = v - 0*v, -5*r + 27 = -v. Suppose r*h - 676 = -20*h. What is the remainder when f is divided by h?
24
Let i(o) = 16*o**2 + 14*o + 33. Calculate the remainder when i(-3) is divided by 47.
41
Suppose 3*q - 4*q + 2*d = 392, 4*q + 1516 = -5*d. Let m = q + 409. Calculate the remainder when m is divided by 3.
1
Let i(a) = -148*a**3 - a**2 + a + 1. Suppose 5*m + g - 182 = 0, 283*g = 287*g + 12. Calculate the remainder when i(-1) is divided by m.
36
Let t(j) = 4*j**2 + 52*j - 109. What is the remainder when 9819 is divided by t(2)?
7
Let p(h) = -30*h + 13. Suppose 5*q + 2*g = 224, 5*q - 66 = -g + 161. Calculate the remainder when p(-5) is divided by q.
25
Let d = 46 - 44. Suppose d*v = 11 - 1. Suppose 0 = -v*u + 179 + 156. Calculate the remainder when u is divided by 10.
7
Suppose -30 = -y - 2*m, -y = -2*y - 5*m + 21. Let f = -16 + y. Let u(z) = 2*z**3 - 31*z**2 - 16*z + 59. Calculate the remainder when u(16) is divided by f.
19
Suppose 0*d = -5*d + 100. Let p(h) = -14*h + 109. Let i be p(7). What is the remainder when (-1 - i/2)/((-118)/1416) is divided by d?
18
Let b(n) = -4*n**2 - 306*n + 9. Calculate the remainder when 630 is divided by b(-76).
147
Suppose -26*b - 204 = -542. What is the remainder when 316 is divided by b?
4
Let l be (-44)/(-8)*-5*2. Let h = l - -22. Let d = h - -53. Calculate the remainder when 57 is divided by d.
17
Let f = 21158 - 20589. What is the remainder when f is divided by 194?
181
Let f(m) = -m**3 + 4*m**2 - 8*m + 95. Calculate the remainder when 378 is divided by f(5).
18
Suppose -14*c - 54 = -12*c. Let q be 9/c - 14/(-6). Suppose -q*t + 4*t = 40. Calculate the remainder when t is divided by 12.
8
Let i(h) = h**2 - h - 1. Let x = 68 - -46. Suppose -x = -4*v + 6. Calculate the remainder when v is divided by i(5).
11
Suppose 3*o = u + 90, 83*o - 87*o - 4*u = -168. What is the remainder when (2/3)/(2/246) is divided by o?
16
Suppose 1 = -4*d - 19, 2*n + 40 = 4*d. Let f = -15 - n. What is the remainder when ((-12)/f)/(2/(-5)) is divided by 2?
0
Let t(r) = -14*r - 130. Let f be t(-9). What is the remainder when 402 is divided by f/(-10) - (-2394)/90?
24
Let h be 2 + -5 + 6 + -5. Let w(k) = -23*k**2 - 8*k - 2. Let l be w(h). Let f = l + 143. Calculate the remainder when f is divided by 17.
14
Suppose 5*w + 34*n - 37*n - 547 = 0, -335 = -3*w - 5*n. What is the remainder when 487 is divided by w?
47
Let f(c) be the first derivative of -c**4/2 + 6*c**3 + 3*c**2 + 27*c + 132. What is the remainder when f(8) is divided by 69?
65
Let w(d) = -d**3 + 5*d**2 + 3*d - 1. Let a be w(5). Let u = a - -31. Let j = -3390 - -3413. Calculate the remainder when u is divided by j.
22
Suppose 5*k - 311 + 40 = 3*b, 0 = 4*b + 28. What is the remainder when 149 is divided by k?
49
Let d = 162 - 180. What is the remainder when 3/(-2)*276/d is divided by 9?
5
Let o(x) = 5*x - 85. Suppose 3*c - 122 = -4*m, -3*m + 81 = 2*c - 5*c. Calculate the remainder when o(m) is divided by 22.
16
Let h = 26 - 8. Let k be (-45)/h - 2/(-4). Calculate the remainder when 31 + (12/30 - k/(-5)) is divided by 18.
13
What is the remainder when 1198 is divided by (-2)/(-42) - 47166/(-441)?
21
Let f(j) = 37*j + 406. Let z be f(-13). Let d = 130 + z. What is the remainder when 272 is divided by d?
52
Let i(f) = -5*f**2 - 37*f + 78. Let w(l) = -2*l**2 - 18*l + 38. Let p(n) = 3*i(n) - 7*w(n). What is the remainder when p(7) is divided by 7?
3
Suppose 2*l - 5*g - 155 = -4*g, l - 95 = 4*g. Calculate the remainder when 425 is divided by l.
50
Suppose 0 = -106*l + 8404 + 8980. What is the remainder when 176 is divided by l?
12
Suppose 42*f - 41*f - 2*k = 439, 2*k = -4*f + 1826. Calculate the remainder when f is divided by 22.
13
Let u(l) = -2*l**2 + 172*l - 930. Calculate the remainder when u(77) is divided by 430.
26
Let l(i) = 635*i + 573. Let b be l(-1). Suppose -3*z + 2*z = -24. Let h = z - b. Calculate the remainder when h is divided by 44.
42
What is the remainder when 115 is divided by (4959/(-95))/((-6)/10)?
28
Suppose -5*n + 240 = 3*u, 14*n - 2*u = 13*n + 61. Let h(r) = -28*r - 14. Calculate the remainder when h(-4) is divided by n.
47
Suppose 122*z + 420 - 2069 - 14211 = 0. Calculate the remainder when 265 is divided by z.
5
Suppose 4*z - 7*z = r - 3806, -5*z + 6358 = -2*r. What is the remainder when z is divided by 116?
110
Suppose -z + 54 = -2*n, -196 - 7 = -4*z - 5*n. Let c = z + -39. Let o = 49 + -15. What is the remainder when o is divided by c?
8
Suppose 18*o - 41 = 319. Suppose 477 = 5*x - 2*s + 50, 3*x + 3*s - 273 = 0. Let l = -30 + x. Calculate the remainder when l is divided by o.
17
Let b = 5461 - 5423. Calculate the remainder when 721 is divided by b.
37
Suppose -4*y = -1661 - 215. Suppose y = 8*v + 173. Suppose -2*i + 127 - v = 0. Calculate the remainder when i is divided by 18.
9
Let d = 119 + -110. Let r = -134 - -264. Suppose -r = -7*l + 164. What is the remainder when l is divided by d?
6
Suppose -4*n + 284 = 3*f, 124*f - 3*n - 270 = 121*f. Calculate the remainder when 166 is divided by f.
74
Calculate the remainder when 1383 is divided by ((-12)/(-10))/((-2)/5) + (73 - 48).
19
Calculate the remainder when (-2470)/(-6) + 137/411 is divided by 140.
132
Let a(c) = 5*c**2 - 17*c + 93. Calculate the remainder when a(6) is divided by 87.
84
Let p(m) = 4*m**3 + 5*m**2 + 17*m + 16. Let n be p(-2). Let z = 8 + -3. Calculate the remainder when 39 is divided by 57/(-18) - z/n - -18.
9
Suppose 0 = 3*s + 5*s - 136. Suppose -3*i + 2*d + s = 0, -4*i = -7*i + d + 22. What is the remainder when i is divided by (-7)/((-7)/4) - 1?
0
Suppose 28*u - 96*u = 11*u - 49770. What is the remainder when u is divided by 68?
18
Let k = 6490 - 6135. Calculate the remainder when k is divided by 184.
171
Let z(m) = -m**3 - 7*m**2 + m + 11. Let r be z(-8). Suppose 48 = 71*y - r*y. Calculate the remainder when (-426)/(-9) + y/(-9) is divided by 10.
6
Suppose -5*u = -5*g - 235 + 4235, -3*u = -g + 790. What is the remainder when g is divided by 15?
10
Suppose -5*f + 190 = 8*a - 3*a, -4*a = 3*f - 148. What is the remainder when 303 is divided by a?
31
Suppose -2*v = -4*p - 36, -3*v + 44*p = 45*p - 19. Calculate the remainder when 822 is divided by v.
6
Let m(p) = 12*p + 88. Let d be m(-8). Calculate the remainder when d/((-14)/(-49) - 384/1148) is divided by 29.
19
Suppose 573 + 2099 = -4*c. Let f = c + 706. What is the remainder when f is divided by 30?
8
Let z = -37740 - -37805. What is the remainder when 867 is divided by z?
22
Calculate the remainder when (-11 - 18)/(4 - (-9)/(-2)) is divided by 5.
3
Let u = 48 + -45. Suppose -u*t = -4 - 2. What is the remainder when ((-24)/60)/(t/(-260)) is divided by 18?
16
Suppose 8*d - 1116 = -8*d + 2724. What is the remainder when 972 is divided by d?
12
Let w be (-5 + (-152)/(-32))/((-4)/80). Let y be ((-55)/2)/((-2)/4). Suppose -r + 3*g = -27, g + 4*g - y = -w*r. Calculate the remainder when r is divided by 9.
6
Let y(a) = -4*a**3 - 691*a**2 + 156*a + 1631. What is the remainder when y(-173) is divided by 183?
180
Let d = 166 - 71. Suppose -9*s = -4*s - d. Suppose 0 = 5*z - 2*r - 646, -4*z = -3*r - 248 - 266. Calculate the remainder when z is divided by s.
16
Let x(q) = 43*q - 156. Let b be x(3). What is the remainder when 2/(4/74 + 0) is divided by (b - (-95)/19)/(0 - 1)?
15
Suppose -6*y + 4*y + 63 = 5*o, -5*y = 3*o - 129. What is the remainder when 178 is divided by y?
10
Let w = 41 - 36. Suppose w*o + 25 = 0, 4*q + 34 = 8*q - 2*o. Suppose -4 = -2*y + q. Calculate the remainder when 7 is divided by y.
2
Suppose -10*i + 2 - 12 = 0. Let v(u) = -29*u - 2. Let f be v(i). Calculate the remainder when ((f/(-12))/9)/((-1)/20) is divided by 4.
1
Let j(p) = -p**3 - 27*p**2 + 185*p - 255. What is the remainder when j(-33) is divided by 89?
85
Suppose -27*w + 2364 + 8946 = 3*w. What is the remainder when 756 is divided by w?
2
Let z(y) = -2*y + 3. Let h be z(-14). Suppose 2*b + 54 = 4*d - 0*d, 2*d + 3*b = h. Let x = 73 - d. What is the remainder when x is divided by 30?
29
Suppose 213*f - 237*f - 209157 = -747261. Calculate the remainder when f is divided by 39.
35
Let f(s) = -4*s + 11 - 19 + 4*s - s. Let p be f(4). What is the remainder when 57 is divided by (3 - 7)/p*45?
12
Let u be 6*3*4/24. Supp